se 6, what is 211 + -51541?
-51330
In base 13, what is 6742aa - 0?
6742aa
In base 5, what is 20 - -101041?
101111
In base 13, what is 0 - -6c6c0?
6c6c0
In base 6, what is 0 + 31503?
31503
In base 14, what is 199d5c - 5?
199d57
In base 4, what is -200111012 - 21?
-200111033
In base 6, what is -14100 - -13403?
-253
In base 7, what is 203 - 234?
-31
In base 11, what is 1 + -39245?
-39244
In base 14, what is 11035a2 - 4?
110359c
In base 14, what is -2 + 2b8c?
2b8a
In base 8, what is -3465 - -14?
-3451
In base 10, what is -45757 - 5?
-45762
In base 10, what is -3154 - -132?
-3022
In base 13, what is -32c49a + -3?
-32c4a0
In base 6, what is -41 + 552543?
552502
In base 10, what is -59037 - 5?
-59042
In base 8, what is 2 + 17766?
17770
In base 13, what is -561 + -59?
-5ba
In base 2, what is -110110001101 + 110110110?
-101111010111
In base 10, what is -366 + 1044?
678
In base 7, what is -24 + 15235?
15211
In base 10, what is 3 - 1389?
-1386
In base 10, what is -6388 + 56?
-6332
In base 2, what is 1100001100 - -100010000011?
101110001111
In base 12, what is 258172 - -5?
258177
In base 12, what is 9 + -1647?
-163a
In base 8, what is -27 - 15035?
-15064
In base 3, what is 21 + 10110212?
10111010
In base 13, what is 1192403 + -5?
11923cb
In base 3, what is 1220001 - -12001?
2002002
In base 5, what is -1 - -1443411?
1443410
In base 16, what is 1555 - -3b?
1590
In base 4, what is 11203323 + 12?
11210001
In base 16, what is 22976 - -3?
22979
In base 12, what is -5 + -12116?
-1211b
In base 8, what is 5053541 - -1?
5053542
In base 5, what is -133133 - 23?
-133211
In base 6, what is 2 + -500020?
-500014
In base 16, what is 1fa + -f?
1eb
In base 4, what is -3 + -100000?
-100003
In base 3, what is 2 - 100001?
-22222
In base 14, what is -823d29 + 3?
-823d26
In base 3, what is 10221012 + 0?
10221012
In base 6, what is 43 - 43?
0
In base 13, what is -202 - -2b?
-1a4
In base 10, what is -1529 - -45?
-1484
In base 15, what is 150 + -393?
-243
In base 3, what is 21121220 - 1002?
21120211
In base 11, what is -6a083 + -5?
-6a088
In base 2, what is -1001110001001 - 10111110?
-1010001000111
In base 14, what is -2 + -37a3?
-37a5
In base 6, what is 2 - -1121035?
1121041
In base 15, what is -44d + -94e?
-d9c
In base 15, what is 5 - 1610?
-160a
In base 6, what is -44 - 222?
-310
In base 9, what is 4 - -13554?
13558
In base 13, what is -31 - a90?
-ac1
In base 16, what is 28cf3 + 5?
28cf8
In base 16, what is -15 + 5492?
547d
In base 7, what is 10 + -135202?
-135162
In base 6, what is -15235 + -521?
-20200
In base 12, what is a484b2 + 2?
a484b4
In base 13, what is -2879 + -c?
-2888
In base 3, what is 1011 + 20202?
21220
In base 8, what is 4766 + -1327?
3437
In base 16, what is -366 - 40?
-3a6
In base 5, what is 4 + 131321313?
131321322
In base 11, what is 4 + 65945?
65949
In base 10, what is -3829563 - -2?
-3829561
In base 16, what is 3 - -ec8?
ecb
In base 12, what is 54 + -1869?
-1815
In base 7, what is -4 - -1540265?
1540261
In base 8, what is 5544 + -2?
5542
In base 16, what is -398 - 1?
-399
In base 7, what is 1053 - 221?
532
In base 8, what is -3145 - -46?
-3077
In base 10, what is 15 - 155932?
-155917
In base 5, what is -24141 - 1002?
-30143
In base 8, what is 4 + -1133137?
-1133133
In base 3, what is -1021201211 + 11?
-1021201200
In base 12, what is 799 + 27?
804
In base 16, what is 24e0 - -5?
24e5
In base 11, what is -187 - 1665?
-1841
In base 5, what is -14 - -300022?
300003
In base 14, what is -38c + 574?
1c6
In base 11, what is 40 + -283?
-243
In base 2, what is -101 - -1000111011010011?
1000111011001110
In base 4, what is 2113 + -3022?
-303
In base 9, what is 54726 + -6?
54720
In base 16, what is -5ce - 197?
-765
In base 15, what is -1c + -6318b?
-631a8
In base 16, what is -12 + -2204?
-2216
In base 9, what is -26 + -310805?
-310832
In base 7, what is -3642 - 3?
-3645
In base 2, what is -10110 - -10000011101000?
10000011010010
In base 9, what is -1811 - 73?
-1884
In base 3, what is 210212 - -1201?
212120
In base 9, what is -5 - 21103?
-21108
In base 3, what is 11102020122 + 0?
11102020122
In base 9, what is 146213 + 4?
146217
In base 8, what is 3 + 44520?
44523
In base 3, what is -2122012 + 21102?
-2100210
In base 13, what is -5 - 3794?
-3799
In base 13, what is -3 + 4351?
434b
In base 11, what is -15 + -7742?
-7757
In base 16, what is 4 + 11eff?
11f03
In base 16, what is 3aa215 - -4?
3aa219
In base 15, what is -368e + 2?
-368c
In base 6, what is 332 - 2432?
-2100
In base 5, what is 10230 + 122213?
132443
In base 15, what is c + 2de?
2eb
In base 10, what is -94 - 425?
-519
In base 7, what is 14 - -163442?
163456
In base 11, what is -32 + -14a58?
-14a8a
In base 5, what is -110420 + -3?
-110423
In base 8, what is 22244 - -20?
22264
In base 11, what is -2272 - 46?
-2308
In base 10, what is -4 - -37958?
37954
In base 11, what is 1 - -1196a2?
1196a3
In base 12, what is 20 - 38578?
-38558
In base 6, what is -410501001 - -2?
-410500555
In base 11, what is -2144 + 3a?
-2105
In base 12, what is 0 + -115a5?
-115a5
In base 6, what is 13 + -1554?
-1541
In base 10, what is 69982 + -5?
69977
In base 15, what is 4 - -2070d?
20712
In base 11, what is -42a3 - 8?
-4300
In base 9, what is -6 - 28267?
-28274
In base 8, what is 2602 + 5?
2607
In base 2, what is -1001 + -1110110000101?
-1110110001110
In base 2, what is 10111110100110000010100 - 11?
10111110100110000010001
In base 3, what is 1 + -122000212?
-122000211
In base 15, what is 1 - 2307a?
-23079
In base 15, what is -12b - -1870?
1744
In base 4, what is 3221 + 2231?
12112
In base 11, what is 31560 + -3?
31558
In base 11, what is 4714 - 1?
4713
In base 13, what is -4 - 725c?
-7263
In base 12, what is 430 + -7?
425
In base 9, what is -1 + -1567125?
-1567126
In base 10, what is -1160 - 18?
-1178
In base 12, what is -16968 - 34?
-169a0
In base 13, what is 3070cc + 1?
307100
In base 3, what is 201110102 + 100?
201110202
In base 4, what is -311 - 210201230?
-210202201
In base 15, what is -9 - 6aca?
-6ad4
In base 14, what is 69c - -456?
b14
In base 10, what is -8 + -4843?
-4851
In base 13, what is -5 + c567?
c562
In base 5, what is -2332124 - 421?
-2333100
In base 14, what is -452 + 3b?
-415
In base 13, what is 8b654 - 2?
8b652
In base 4, what is 1022 - -2012221?
2013303
In base 4, what is -11 + -20300301?
-20300312
In base 7, what is 366 - 44?
322
In base 7, what is 5 + 26260?
26265
In base 5, what is 13143011 - -10?
13143021
In base 3, what is -2102202 - -1110?
-2101022
In base 13, what is a - 1cc69?
-1cc5c
In base 14, what is 5 + -cb755?
-cb750
In base 15, what is -e5 - -235?
140
In base 12, what is -1582 - -20b?
-1373
In base 13, what is 1ab118 + b?
1ab126
In base 7, what is -1 + -51661?
-51662
In base 6, what is 41502203 - -4?
41502211
In base 4, what is 1130233220 - -3?
1130233223
In base 9, what is -42517 + 1?
-42516
In base 7, what is 235 + -33055?
-32520
In base 15, what is -b5033 - 1?
-b5034
In base 7, what is -5124 + 246?
-4545
In base 11, what is -23486 + -2?
-23488
In base 9, what is 168 + -755?
-576
In base 14, what is -4 + -d3?
-d7
In base 7, what is -3 + 1213012?
1213006
In base 7, what is 106 + 54113?
54222
In base 15, what is 5448 + -4?
5444
In base 16, what is 1bcc8 + 1?
1bcc9
In base 13, what is 3c - -240?
27c
In base 11, what is 972 + -834?
139
In base 5, what is -13021 + -12?
-13033
In base 16, what is -1c + -1e0ce?
-1e0ea
In base 7, what is 40650 + 1?
40651
In base 9, what is 3 + 2581053?
2581056
In base 6, what is -405500 + 25?
-405431
In base 15, what is b - -100bd?
100c9
In base 16, what is 4d68 + -47?
4d21
In base 6, what is 5 - 10303433?
-10303424
In base 14, what is 4d604 - 3?
4d601
In base 9, what is -5 + 102076?
102071
In base 13, what is 393 + a91?
1154
In base 2, what is 1 + 1101001101001?
1101001101010
In base 10, what is -49936 + -4?
-49940
In base 5, what is 1011 - 13231?
-12220
In base 9, what is -8 + -284688?
-284707
In base 8, what is 1012642 + 20?
1012662
In base 15, what is -39d9b - -1?
-39d9a
In base 7, what is -4 - -1023203?
1023166
In base 8, what is -3 + 26774?
26771
In base 11, what is -15a + 4a4?
345
In base 2, what is 10 - -10100111010011?
10100111010101
In base 12, what is 785 + -8?
779
In base 13, what is -c - 381b?
-382a
In base 13, what is cc78 + a?
cc85
In base 5, what is 20 + -334